of -4 + -1 + 23 + (9 - 14)?
13
What is the value of -22 + (-23 + 15 - 2) + 9 + 1?
-22
Calculate -18 - -16 - (-6 + 4 + 3).
-3
What is the value of 0 - 2 - (-3 + -5) - -25?
31
Evaluate 4 + -5 + -10 + (8 - (1 - -1)).
-5
1 - (13 + -5 - 16)
9
Evaluate -142 - -167 - (-2 + 26).
1
-15 + -16 - (-5 - 5) - -6
-15
What is (259 - 277) + 1 + (8 - 0) - -2?
-7
Evaluate -12 + 7 + 4 - (4 + 1) - -4.
-2
0 + 3 - (26 - 37)
14
What is (0 - (-5 - -1)) + (7 - 8) + 10?
13
What is (-6 - -8) + -1 + -7 + 10 + -5?
-1
17 + (1 - (-21 - -32))
7
22 + 2 + -21 + -8
-5
What is the value of (5 - 1) + 8 - 28?
-16
4 + 13 + -21 + -11
-15
Evaluate -56 - 5 - (-357 - -327).
-31
Calculate (28 - 3) + (0 - 6) + (33 - 36).
16
4 + (-1 - 12 - (12 + -14))
-7
What is -5 + 0 + 59 + -51?
3
What is the value of 11 - 4 - (-3 + 25)?
-15
Calculate 1 + 5 + 23 - 26.
3
Calculate 0 + 34 + (-809 - -763).
-12
Calculate 12 + -9 - 20 - -4.
-13
What is 23 - (11 + (-1 + -8 - (-37 + 37)))?
21
Calculate 5 + -7 + -5 - (11 - 16).
-2
-23 + -22 + 36 - 7
-16
What is the value of 4 + -10 + 2 + (-12 - -47)?
31
Evaluate 34 + -1 + -62 + 42.
13
Calculate (-4 + (-3 - -4) - -16) + 6.
19
What is the value of -1 + 21 + -14 - (-2 - -5) - -5?
8
What is (38 - 50) + 16 - (0 - 11)?
15
Calculate 14 + 7 + (5 - 14) + 1.
13
Evaluate -8 - (-31 + 23 + 0 + 14).
-14
2 + (11 - 2) + -13
-2
Calculate -12 + (-16 - (-3 - -2)) + 41.
14
What is the value of 11 - (-124 + 131 + (-10 - 1))?
15
What is (-3 - 1) + -10 + -1 + 7 + 2?
-6
Calculate (0 - (0 - -17)) + (-23 - -1) + 24.
-15
Evaluate 18 + (21 - 7 - 18).
14
Evaluate -18 - (-2 - 8) - 0.
-8
What is 5 - ((-19 - -36) + -6 + -3 + 1)?
-4
What is the value of -14 - 8 - (-19 - 4)?
1
What is 2 + 2 + -10 + (56 - 113 - -44)?
-19
61 + -66 + (-1 - -9) + -3
0
What is the value of (-9 - -19 - -18) + -13?
15
Evaluate (2 - 10 - (-6 + 1)) + -7 - -5.
-5
Evaluate -8 - (6 + -13 + 0 - 0 - -6).
-7
30 - 20 - 29 - -3
-16
Calculate -7 - ((-13 - -21) + -12).
-3
What is 1 + 17 + (8 - 7 - 7)?
12
What is -22 + (48 - 18) + -4?
4
What is 107 - 129 - (-2 + -1 - 1)?
-18
What is 3 - (-5 + 15 + 6 + -12)?
-1
Evaluate (-3 - 2) + 37 + -37 + 21.
16
-1 + -5 + (4 + 4 - 5)
-3
What is the value of -12 + 0 + (-21 - (-86 - -38))?
15
-1 + 9 + (3 - 4) - 5
2
Evaluate 2454 + -2452 - (-1 + -13).
16
Calculate (-7 - (37 - 27)) + (-1 - (1 + -1)).
-18
(-4 + -3 - -7) + 1 + -4
-3
What is ((-4 - -1 - 1) + 7 - 6) + 12?
9
What is 3 + (-7 - (1 + (-2 - 6)))?
3
What is the value of 4 + 2 - -1 - (7 + (-13 - -6))?
7
Calculate 6 - ((-1 - 9) + -12 + 13).
15
What is -13 - (-4 - (27 - 6))?
12
(1 - 2) + -2 + -3
-6
Calculate (-7 - -1) + 7 + 0 - (2 + 6).
-7
What is the value of -5 + -2 - ((6 - 12) + (1 - 11))?
9
-5 + 25 + (-7 - -6 - 7)
12
What is -10 + 3 + (-12 - (-14 - -9))?
-14
What is the value of 10 - (-11 + (11 - 2) + 12)?
0
Calculate -9 - ((10 - 9) + 6).
-16
-7 + -13 + 2 + -13 + 10
-21
What is the value of 3 - -2 - (5 - (10 - 6) - 9)?
13
Calculate 13 - (12 + -15) - 1.
15
9 + (9 - 15) - (-1 + 5 + 14)
-15
-12 + 8 + 12 + (-21 - (0 + 0))
-13
1 - (3 + -14 + -3 + 6 - -6)
3
What is the value of 18 + 43 + -27 + -5 + -4 + 4?
29
Evaluate 1 + 5 + (-18 - (1 + -8)).
-5
What is the value of (-5 + (-9 - -24) - 14) + 1 + 5?
2
14 - -1 - (17 - (-14 - -24))
8
-2 + 4 - (42 + -44)
4
-68 + 57 + 1 + 17
7
What is 23 - (-5 - (0 + -14 + 10 + 1))?
25
Calculate (3 - ((-2 - -3) + 1)) + 5 + 1.
7
Calculate -15 + 18 + 8 + -13 - 23.
-25
What is -4 + (1 + (5 - -14) - (0 - -6))?
10
Calculate -3 - -24 - ((3 - 8) + 8 + 4).
14
Calculate (26 - 9 - 13) + (-13 - (-2 - 3)).
-4
What is the value of -11 - (-10 + 5) - (-17 - -6 - -13)?
-8
What is the value of 1 - (28 - (15 - 0) - (-2 - -6))?
-8
Calculate 2 + (11 - 7) + -10 + -20.
-24
Evaluate (-11 - (-13 - -28 - 29)) + 0 + -3.
0
What is 2 + 12 - ((-2 - -11) + -4)?
9
Evaluate 11 + -14 + 10 + 1 + -3.
5
What is -23 + 28 + -10 - (-3 - -15)?
-17
(-6 - 45 - -20) + 17
-14
What is the value of 203 + -193 + -2 + -18?
-10
What is the value of 1 + (-19 - (5 - 14)) + 7?
-2
Calculate (23 - 46) + 17 - 26.
-32
197 - 188 - (4 - (2 - 0))
7
Calculate -7 + 0 + (479 - 472).
0
Evaluate 38 - (-31 - -43) - 0.
26
Evaluate (23 - (12 - -5)) + (-1 - 0) + 5.
10
What is 31 + (12 - (73 + -23))?
-7
Calculate -9 - (8 + -7 + -7 - (-7 - -4)).
-6
What is (-8 - (-19 + 2 + 3 - 0)) + 0?
6
Evaluate -71 + 79 - (-2 - (9 + -1)).
18
What is -23 + 28 + -16 + -3?
-14
What is the value of -145 + 198 - (-3 - -35)?
21
What is (-4 + 6 - 15) + 37 + -22?
2
Calculate 10 + -10 + 1 + -1 + 0.
0
Calculate (-2 - (-13 + 17 + -22)) + -44.
-28
What is the value of 16 - (-10 - ((9 - 7) + -1))?
27
What is the value of 0 + -14 - (41 + -57)?
2
Calculate -2 + -5 - (-3 - -10 - 16 - -7).
-5
What is -3 + -19 + 3 + 4 + -6 + 5?
-16
What is the value of -2 - (-2 + (10 - 1)) - 4?
-13
94 - 126 - (-21 - -3)
-14
Calculate (-42 - -42 - (1 + -9)) + -18 - -1.
-9
1 + 2 + (526 - 539)
-10
What is (-4 - -7) + -8 + 7?
2
Evaluate 8 + 2 + -14 - 6 - 13.
-23
Evaluate (-4 - -2 - (-23 - -27)) + (-14 - -5).
-15
Calculate (7 + -5 - (-5 - 0)) + (-18 - 6).
-17
Evaluate 13 + -21 - (6 + 1) - -8.
-7
What is -1 + -5 + (-1 - -24) + -9?
8
What is (-25 - (-45 - -12)) + -2 + 4 + -2?
8
What is the value of -13 + 24 + -15 - (20 + 6 + 6)?
-36
What is the value of (-14 - -19) + -9 - (0 - (-17 - -1))?
-20
Evaluate -5 + (9 + -11 - (-6 + 12)).
-13
What is (-3 - -2) + -3 + 9 + -6 + 4?
3
Evaluate (-6 - 1) + (44 - (-36 - -52)).
21
Evaluate 4 - ((1 - -10) + -1 - 13).
7
Calculate -4 + (-1 - (-5 - -8)) + 1 + 0.
-7
Calculate (-5 - (-8 - 7)) + 3.
13
-2 - ((-3 - -2) + 5) - (-44 - -15)
23
Calculate -27 + 9 - (-3 + 8 - 15) - 19.
-27
What is 5 - (-5 + (-2 - 4) + 17)?
-1
-10 + (-5 + (-2 - (4 - 6)) - -10)
-5
What is the value of -8 + -4 + 21 + (17 - 17) + 8?
17
(11 - -2) + (479 - 472)
20
What is -14 - -3 - (7 + -15 + 12)?
-15
What is (-6 - (3 - 7 - -5)) + 7 + 3?
3
What is (-555 - -547) + (4 - (0 + -2))?
-2
Evaluate -26 - (3 - -1) - (-30 - (-19 - 2)).
-21
Evaluate 2 + 1 + 10 + (10 - 13) + 3.
13
(-8 - -4) + 2 + (1 - 14)
-15
Calculate -26 + 0 + 253 + -249.
-22
What is the value of -1 + 4 + -1 + -4 + -3?
-5
(-8 - (0 - -4)) + 12 + (-17 - 3)
-20
12 + 1 - (15 - (-12 + 7))
-7
-17 + 30 + -25 - (-4 + -1)
-7
Calculate -24 + 8 + 30 - 11.
3
-30 - -30 - -2 - -24
26
7 - ((-3 - -50) + -16 + -14)
-10
What is 8 + 0 + (17 - 32) + 12 + 5?
10
What is the value of -1 + -9 - (7 - -5 - 11)?
-11
What is the value of 3 - 4 - (5 - (-7 - -7))?
-6
12 + -4 + -21 + 26
13
Evaluate -6 + (14 - 8) + 11 + -5 + 2.
8
Calculate -40 - (-16 + (11 - 0 - 0) + -2).
-33
Calculate -1 + 1 + 7 + -7 - (-16 - -1).
15
What is the value of 41 + (-15 - (-37 + 41))?
22
What is -1 - (3 - -2 - -2 - -4)?
-12
What is the value of (22 - -12 - 40) + -11?
-17
10 + (3 - (-1 - -28)) - (-7 - -1)
-8
Evaluate (-14 - -4) + 13 + 8 + -2.
9
Calculate 2 + -4 + 6 - 15.
-11
What is the value of -4 + 2 - (-14 - 11)?
23
What is the value of -4 + -8 - 0 - ((-5 - -5) + -2)?
-10
What is -1595 - -1607 - (5 + -2 + 0)?
9
What is (11 - 12) + (6 - (-1 - -10))?
-4
What is the value of 45 + (1 - -6 - (-1 - -23))?
30
Calculate -29 - -36 - (-69 + 50).
26
Evaluate 47 + (-12 - 25) + 0 + 6.
16
(-35 - -31) + (-3 - -1) + -3
-9
What is 5 + 4 - (20 + -3 - (-1 + -6))?
-15
What is the value of (24 - 21) + -20 + 32?
15
What is 27 + 24 + -52 - (4 + -2)?
-3
What is the value of (0 - 25 - (-21 + (-4 - -18))) + -2?
-20
Calculate 10 - ((5 - -11) + -23).
17
(22 - 17) + (-12 + (8 - 1) - -11)
11
What is -5 - (-2 + (0 - 5) + 1) - 13?
-12
Calculate -10 + 3 + -34 + 25.
-16
What is the value of (-14 + 45 + -21 - 5) + (-4 - 0)?
1
What is (-9 - 10 - -9) + 10 + 5?
5
Evaluate 0 + ((1 - -4) + 2 - (7 - 6)).
6
(2 - 29) + 50 + -12
11
What is (-1 - 3) + -2 + -5 + 8 + 10?
7
What is 1 + -6 + (-41 - -58)?
12
1 + 2 + -34 + (79 - (89 + -19))
-22
What is the value of (24 - 7) + -10 + 1 + -16?
-8
What is 10 + -14 + (21 - 5) + 15?
27
35 - 11 - (16 + -5)
13
What is (4 - -6) + -5 + -7 + (-4 - 3)?
-9
What is the value of 2 - (-8 + 10 + (3 + 1 - 8))?
4
Calculate 4 + (20 - 20) + -1 + -11.
-8
Evaluate (-13 - -30) + -1 + -2 - (13 - 11).
12
Evaluate 8 - (-14 + 31 - 4) - -37.
32
Evaluate 5 + (0 - -9 - (-52 + 24 + 22)).
20
What is (0 - -9) + -2 - (25 + -16)?
-2
What is the value of (-14 - -3) + -10 - -47?
26
13 - (18 - (31 - 13))
13
What is 9 + (1 - (2 - -6)) + (6 - -11)?
19
Evaluate -28 + (29 - -23)